 3) to base 15
-ede4
What is -2011111002201 (base 3) in base 8?
-4310274
-1102012121012 (base 3) to base 4
-2313212210
What is -122143505 (base 6) in base 7?
-25642244
-5840120 (base 9) to base 12
-1082430
-11021100202201 (base 3) to base 16
-22a5c9
Convert 10443232 (base 5) to base 9.
152313
12501a (base 14) to base 4
2121122300
Convert 10101112121202 (base 3) to base 7.
21213044
What is 173b33 (base 13) in base 16?
8d880
Convert 104204011 (base 5) to base 13.
131426
Convert 32345005 (base 7) to base 10.
2767672
1d122 (base 15) to base 7
543155
What is 1a00b (base 13) in base 8?
142556
What is 402220001 (base 5) in base 15?
2196a1
What is 1001010000010110100110 (base 2) in base 8?
11202646
21479 (base 13) to base 5
3410340
Convert 37a15 (base 12) to base 5.
4411021
Convert -23ccc (base 15) to base 16.
-1be5b
296285 (base 12) to base 14
141421
What is -3632503 (base 7) in base 13?
-13233a
Convert -2202002120 (base 3) to base 13.
-1b780
Convert -1154221550 (base 6) to base 2.
-110010111110010000001010
What is 1022111102122110 (base 3) in base 7?
316230300
Convert -15bb745 (base 12) to base 11.
-2589690
What is -64010 (base 13) in base 10?
-180167
-458887 (base 15) to base 5
-1322211202
What is c73 (base 14) in base 2?
100110010101
What is -8b456 (base 16) in base 6?
-20120554
Convert 32630b0 (base 12) to base 10.
9585348
-111011100101110110111 (base 2) to base 8
-7345667
Convert -142101433 (base 5) to base 10.
-737743
Convert 841799 (base 13) to base 11.
181a149
Convert 257687 (base 9) to base 6.
3204511
What is -535250134 (base 6) in base 12?
-321994a
-2117432 (base 8) to base 3
-1001201001121
What is d26c (base 15) in base 7?
243345
What is -11003023302 (base 4) in base 10?
-1323762
-2142142 (base 6) to base 14
-2aca2
What is -11b196 (base 13) in base 12?
-185675
What is 10010202102 (base 3) in base 9?
103672
Convert 119631 (base 10) to base 9.
202083
Convert 1cdda (base 15) to base 13.
33b95
What is 2167651 (base 8) in base 11?
370001
360768 (base 9) to base 4
311000312
Convert 24477156 (base 8) to base 7.
63644601
What is -23a2d9 (base 14) in base 7?
-13234462
Convert -b6814 (base 14) to base 8.
-1534462
What is 1000110100110001001 (base 2) in base 10?
289161
What is -101101001000001110100010 (base 2) in base 7?
-202361213
What is -12002312112 (base 4) in base 9?
-2874513
-1954a5 (base 11) to base 7
-2356565
Convert 1202c (base 14) to base 4.
22232220
-226743 (base 9) to base 3
-20220211110
215424643 (base 7) to base 9
26436341
63134276 (base 8) to base 5
11413313023
What is 4014420313 (base 5) in base 4?
132121003232
Convert -175780 (base 9) to base 15.
-22590
What is 133053 (base 10) in base 8?
403675
What is 550710 (base 10) in base 5?
120110320
What is 31312123 (base 5) in base 4?
333203000
Convert -6eb67 (base 15) to base 4.
-1112110210
Convert 715754 (base 11) to base 2.
100011000101001110111
What is -1377282 (base 12) in base 15?
-51c95e
-158cc (base 16) to base 9
-144065
Convert -224402212 (base 5) to base 7.
-11415535
What is a7feb (base 16) in base 9?
1257813
Convert -d5d27 (base 14) to base 13.
-150971
What is -5592a4 (base 13) in base 3?
-10210121020212
Convert -5a7427 (base 12) to base 5.
-333323343
What is 100110011000000001 (base 2) in base 10?
157185
What is -44a5201 (base 11) in base 3?
-112211112110222
Convert -1011010100110110001 (base 2) to base 16.
-5a9b1
What is 8080b5 (base 13) in base 16?
2d9824
What is 14351230 (base 6) in base 4?
1321100202
Convert 102122102010022 (base 3) to base 15.
8239b5
-1352180 (base 11) to base 4
-20321002212
What is 3dda2d (base 14) in base 10?
2150553
2bac6 (base 16) to base 11
112444
What is -11031143244 (base 5) in base 13?
-26336c4
10201202101 (base 3) to base 10
73450
Convert 194322 (base 10) to base 11.
122aa7
Convert 100101110010011101101 (base 2) to base 13.
3447c3
Convert -2913109 (base 10) to base 5.
-1221204414
Convert -7534978 (base 10) to base 13.
-173a889
Convert 3055a6 (base 12) to base 15.
ededc
What is -6482163 (base 9) in base 8?
-15212616
What is -317462 (base 10) in base 11?
-1a7572
What is -589a7b (base 13) in base 4?
-20002102112
Convert 30962 (base 12) to base 11.
43849
Convert 7042566 (base 8) to base 13.
4cb434
Convert 1100100111 (base 2) to base 9.
1086
What is -4189f6 (base 16) in base 15?
-59c98d
Convert -220231330110 (base 4) to base 16.
-a2df14
Convert 333023022 (base 4) to base 6.
5313550
What is 201011101000121 (base 3) in base 5?
10101332132
What is 122320113020 (base 4) in base 14?
d16008
Convert 1150502 (base 7) to base 11.
a0251
What is a58584 (base 11) in base 13?
4746c3
What is -13606254 (base 7) in base 6?
-43231423
Convert -302014141 (base 5) to base 10.
-1204296
Convert 11a27a2 (base 11) to base 5.
1013121033
Convert 147a5a (base 12) to base 6.
11222554
Convert 49438 (base 15) to base 4.
321011210
Convert -210305243 (base 6) to base 8.
-15763473
Convert -47767 (base 12) to base 8.
-273577
Convert 104553 (base 7) to base 16.
481e
What is 3190681 (base 10) in base 9?
6002711
Convert -1415544 (base 8) to base 11.
-253774
What is 2410571 (base 8) in base 6?
22050441
What is -307142 (base 8) in base 10?
-101986
What is -20020221102 (base 3) in base 15?
-26758
Convert -290866 (base 11) to base 5.
-104024121
What is -513210451 (base 6) in base 15?
-b97ba7
What is 57106 (base 13) in base 3?
22001020011
Convert -e39c (base 15) to base 4.
-23233020
Convert 546402 (base 9) to base 3.
121120110002
-132010301 (base 4) to base 9
-206872
What is 2022010421 (base 5) in base 15?
55d2ab
What is -2d611 (base 14) in base 15?
-23a4a
What is 89843 (base 13) in base 3?
110200110222
Convert 42422321 (base 5) to base 12.
1530b8
23102 (base 8) to base 4
2121002
-200201023 (base 4) to base 6
-2504351
20221012021111 (base 3) to base 12
1298334
What is -115450041 (base 6) in base 4?
-20200202221
20332030213 (base 4) to base 2
1000111110001100100111
What is -3024044 (base 6) in base 2?
-100011000001011100
245c9 (base 14) to base 10
88965
-2220221102122 (base 3) to base 7
-16131032
14a8418 (base 14) to base 16
99ed46
What is -214455 (base 7) in base 10?
-37623
-1020112210212 (base 3) to base 4
-2201031233
What is 1156012 (base 8) in base 9?
534770
Convert -449a33 (base 14) to base 2.
-1000111001010000001101
What is -26430530 (base 7) in base 6?
-124011125
What is -18a973b (base 12) in base 13?
-11011a9
Convert 406320 (base 9) to base 16.
3acbf
Convert 24ad6 (base 14) to base 10.
89956
What is 243214 (base 9) in base 3?
21110020111
Convert -3540142 (base 7) to base 8.
-1550311
What is 4a5c6 (base 16) in base 10?
304582
What is -29336 (base 15) in base 4?
-200103333
11794a (base 13) to base 14
abc88
Convert -42222400 (base 5) to base 14.
-921c4
31220002 (base 4) to base 8
155002
Convert -24a7ae (base 15) to base 3.
-10022020210102
What is -5a2b72 (base 14) in base 6?
-150012000
Convert 2200110000220 (base 3) to base 6.
50321340
What is -349510 (base 11) in base 3?
-1001011101002
Convert -300655 (base 9) to base 8.
-533023
What is 231010244 (base 5) in base 16?
fbf0d
What is -3230300 (base 4) in base 14?
-5744
What is -6ab4c (base 16) in base 6?
-13211244
-1045a9 (base 12) to base 14
-69721
What is -2b726 (base 13) in base 9?
-135151
What is 945819 (base 14) in base 5?
2240300031
Convert 104774 (base 10) to base 11.
7179a
-70601 (base 12) to base 11
-9a783
What is 9621a5 (base 14) in base 5?
2244423431
-118784 (base 9) to base 2
-10001100110010101
-641c2 (base 13) to base 7
-1351120
What is 285955 (base 16) in base 4?
22011211111
12b8ca5 (base 14) to base 11
5123071
What is -8021b9 (base 15) in base 2?
-10111001100111001100101
What is 3145322 (base 6) in base 13?
55202
Convert 22102211210 (base 3) to base 8.
504322
-31140440 (base 6) to base 15
-12b82c
Convert -101845 (base 16) to base 11.
-66052a
What is b8232 (base 15) in base 13?
175ca9
What is 888d (base 14) in base 12?
11825
-757a4 (base 14) to base 9
-472700
What is -10132353 (base 7) in base 5?
-204122144
Convert 112657 (base 13) to base 8.
1427526
Convert 425014143 (base 6) to base 16.
72a6ef
-210353 (base 10) to base 3
-101200112212
Convert -2130115 (base 6) to base 2.
-11001101000111111
Convert 88807 (base 14) to base 7.
2545410
122345465 (base 7) to base 6
433122332
12031203110 (base 4) to base 11
a12469
Convert -4001